s the units digit of y?
9
Suppose 0 = -34*v + 7*v + 5643. What is the hundreds digit of v?
2
Let m be 3 - -1 - (-65 - 3). Let d = 104 - m. What is the units digit of d?
2
Let p = 87 + -166. Suppose 0 = 4*g - 4*b - 520, 3*g - 2*b = -2*g + 638. Let l = p + g. What is the units digit of l?
7
Let j be (0*(-2)/(-6))/2. Suppose 3*v - 20 = 3*l - 5, 4*l + v - 5 = j. Suppose f + l*f = 3. What is the units digit of f?
3
Suppose 2*v - k - 9 = 0, 0 = v + 3*v - 4*k - 16. Let p(n) = 1 - 5 - 7 + v*n. What is the tens digit of p(13)?
5
Let c(h) = -h**3 + 9*h**2 + 7*h - 6. Let b be c(9). Suppose -2*v + b = -13. What is the units digit of v?
5
Suppose -4*w + 980 = -4*k, -335 = -2*w - 3*k + 130. Suppose -y + 228 = u, u - 3*y = 2*y + w. What is the hundreds digit of u?
2
Let d(a) = 4*a**2 - 8*a + 12. What is the units digit of d(-8)?
2
Suppose -t + 5 = 4. What is the tens digit of (-4 - (-3 + -24))*t?
2
Suppose -t = -6*t + 30. Suppose -60 = -t*w + 2*w. Suppose -g = 4, 2*c - 17 - w = -4*g. What is the units digit of c?
4
Let m be 20/(-9) + 6/27. Let z be m/(4*(-1)/(-8)). What is the tens digit of z/(-14) - (-4784)/112?
4
Suppose 2*m - 2090 = -2*k + 1372, 4*m - 8654 = -5*k. What is the units digit of k?
0
Let d be (124/12)/(7/(-84)). Let s = d + 324. What is the tens digit of s?
0
Suppose 4*v - 4*y - 45 - 539 = 0, -2*v + 312 = 3*y. What is the tens digit of v?
5
Let u = 8 - 13. Let a = -2 - u. What is the tens digit of 3*(102/9 + a)?
4
Let z = -32 - -38. Suppose -14*t + 416 = -z*t. What is the units digit of t?
2
Let c be 4/18 + (-532)/(-36). Suppose 0 = r - 4*r + c. Suppose r*u + 4 = 84. What is the units digit of u?
6
Let j(g) = g**2 + 1. Let c be j(1). What is the tens digit of 42*c/20*5?
2
Let m(v) = -v**3 - 2*v**2 - 3*v - 2. Let i be m(-3). Let b be 4*(-2 + 4/i). Let p(u) = 2*u**2 + 11*u + 4. What is the tens digit of p(b)?
2
Suppose -86 = 4*x + 138. What is the tens digit of (-2)/((x/348)/7)?
8
Suppose -4*b - o - 18 = -0*o, 5*b - 5*o + 10 = 0. Let h(z) = -42303 - 5*z + 42310 - 4*z. What is the tens digit of h(b)?
4
Let b(u) = u**3 - 11*u**2 - 15*u - 31. Let d be (12/9 - 1)/(1/39). What is the tens digit of b(d)?
1
Suppose -2*h + h + 485 = v, -5*v - 3*h + 2435 = 0. What is the hundreds digit of v?
4
Let r = 329 + 64. Let z = r - 268. What is the tens digit of z?
2
Let k = 16 + -14. Suppose -k*h = -h. Suppose h = -4*u + 16, -r + 56 = -4*u + 16. What is the tens digit of r?
5
Let d be (-4)/12*1 - 236/(-6). Suppose 103 + 1 = 4*n. Let a = d - n. What is the units digit of a?
3
Let n = -20 - -25. Let p(f) = 2*f**3 + 2*f + 6*f**2 + 6 - 16 + 7 - 3*f**3. What is the units digit of p(n)?
2
Suppose -357 = -38*t + 37*t. What is the tens digit of t?
5
Let u = 704 + 166. What is the tens digit of u?
7
What is the thousands digit of ((-16)/(-10))/((-23)/(-19320))?
1
Let r be (-12)/(-78) - (-41)/(-13). Let z = r - -57. Suppose t + t - z = 0. What is the units digit of t?
7
Let b(c) be the second derivative of -c**4/12 + 2*c**3/3 - c**2/2 - 5*c. Let t be b(2). Suppose -u - t*u = -116. What is the tens digit of u?
2
Let r(k) = 3*k**2 + k + 35. What is the hundreds digit of r(-9)?
2
Let j(c) be the first derivative of 7*c**2 + 16*c - 28. What is the tens digit of j(5)?
8
Let q(l) be the second derivative of -3*l**3/2 - 3*l**2 + 6*l. Let d be q(-9). Suppose 4*n = 7*n - d. What is the units digit of n?
5
Let b be (-3792)/(-20) + (12/5 - 2). Suppose 0 = -2*c - 2*l + b, -90 = -3*c + 2*c + 4*l. What is the units digit of c?
4
Let v be 32/(-6)*(-3)/5*5. Let l = v - 14. What is the units digit of l?
2
Suppose 0 = -4*u + 8 + 16. Let r be (-12)/(u - 2) - -182. Suppose 5*n - 229 = 3*s, -4*n + 0*n + r = -s. What is the units digit of n?
4
Let w = 1521 + -765. What is the units digit of w?
6
Suppose -4*d + 317 = 3*z - 2515, d = -3*z + 708. What is the units digit of d?
8
Let t(y) = 167*y - 14. What is the hundreds digit of t(1)?
1
Suppose -539 = -2*q + 5*z, 3*z - 17 = -8. What is the units digit of q?
7
Let x(k) = 150*k - 425. What is the thousands digit of x(21)?
2
Suppose -2*w = 18 - 12. What is the tens digit of -48*(23/(-4) - -2 - w)?
3
Let o = 154 - 48. Suppose 0 = 5*n + 2*s + 275, -s - 245 = 5*n - 5*s. Let z = n + o. What is the tens digit of z?
5
Let a be ((-3)/12)/(6/(-72)). Suppose a*l + 0*l + 99 = 0. Let m = 76 + l. What is the tens digit of m?
4
Suppose -11 = -2*u - 4*c + 3, -4*c = -3*u + 11. Suppose -u*s + 4*s + 45 = 0. What is the units digit of s?
5
Let y = -363 - -3952. What is the tens digit of y?
8
Suppose -r + 341 = -m + 4*m, -15 = 5*m. Suppose 0 = 5*t + 2*h - r, 0 = -t - 0*t - 2*h + 70. What is the tens digit of t?
7
Let i = -68 + 188. Suppose -3*l + i = -0*l. What is the units digit of l?
0
Let d = -10637 - -15940. What is the tens digit of d?
0
Let p be -42 + 9*1/3. What is the tens digit of 18/2*(-182)/p?
4
Let t(h) = 2*h + 19. Suppose z - 5*z = -68. Suppose -5*g + 0*c = -3*c - 31, 4*g - z = 5*c. What is the tens digit of t(g)?
3
What is the thousands digit of 1261 + -1 + 3 + 14 + -10?
1
Let c(s) = 9*s - 9. Let o be c(22). Suppose -4*g + 191 + o = 0. What is the tens digit of g?
9
Let z(f) = 7*f**3 - 5*f**2 - 6*f - 16. Let r(c) = -6*c**3 + 5*c**2 + 6*c + 15. Let y(s) = 6*r(s) + 5*z(s). What is the tens digit of y(6)?
1
Let n = 61 - 53. Suppose 0 = 2*o + n, 4*p - 72 = -0*p - 5*o. What is the tens digit of p?
2
Let l be (-6)/33 + 632/88. Let j = -87 + 126. Let y = j - l. What is the tens digit of y?
3
Let n(g) be the second derivative of 5*g**4/12 + 4*g**3/3 + 13*g**2/2 - 24*g. What is the units digit of n(6)?
1
Suppose -3*z = 38 + 43. Let u = -22 - z. Let n(h) = 8*h + 1. What is the units digit of n(u)?
1
Let v(q) = -33*q**3 - 4*q**2 - 3*q - 10. What is the hundreds digit of v(-4)?
0
Suppose -4*z - 17 = -2*b + 11, 0 = -5*b + 4*z + 82. Let k be 1/((b/4)/9). Suppose -42 = -2*t + 2*s, -k*s = 4*t - 0*s - 54. What is the units digit of t?
6
Suppose 5*s = -2*m + 8057, 15*m - 11*m - 16093 = -3*s. What is the thousands digit of m?
4
Let s be ((-12)/8)/((-6)/16). Suppose 0*b - s = -b. Suppose b*h - 20 = -0*h. What is the units digit of h?
5
Let g(k) = 51*k**2 - 3*k - 20. What is the tens digit of g(-3)?
4
Suppose -3 = -5*v + 2, 2*i - 2612 = 4*v. What is the units digit of i?
8
Let j = 41 - 1. Suppose -j = -y + 97. What is the units digit of y?
7
Suppose -2*b = -10, 12 = 5*x - 4*x + 2*b. Let t be x + 4/(4/5). Suppose 8*v - 12 = t*v. What is the tens digit of v?
1
Suppose -4*a + w + w = -14, -4*a - 3*w + 19 = 0. Let n(z) = -6*z + 43. Let p(f) = 2*f - 15. Let y(m) = -6*n(m) - 17*p(m). What is the units digit of y(a)?
5
Suppose 2*w = 2*g + 1592, -5*g + 12 + 3 = 0. What is the units digit of w?
9
Suppose -4*k = -0*k - 0*k. Let d = -98 - -163. Suppose -n + d = -k*n. What is the units digit of n?
5
Suppose -2*t - 36 = 2*t. Let q be (-39)/t - 4/12. Suppose q*f - 32 = 12. What is the units digit of f?
1
Let l be (1/(-2) + 1)*2. Let v be 1*-3 - (-3)/l. Suppose v = 2*c + z - 36, -3*c = -8*c - 5*z + 90. What is the units digit of c?
8
Suppose 34*p - 42*p + 32 = 0. Suppose p*u - 65 = -u. What is the units digit of u?
3
Suppose 16*y = -1009 + 3073. What is the tens digit of y?
2
Suppose -6*u + 603 = -2637. What is the units digit of u?
0
Let r(c) = 0*c + 2*c + 6 + c + 5. What is the units digit of r(6)?
9
Suppose 6 + 0 = -g. Let z be ((-528)/28)/(g/63). Suppose z = 4*u + 2*p, 0*u + 2*p = 5*u - 252. What is the tens digit of u?
5
Suppose z - 2*s = 3*s + 4, 0 = -2*z - 5*s - 7. Let p be (z - -4)/(39/104). Let l(f) = 2*f**2 - 7*f - 19. What is the units digit of l(p)?
3
Let y(o) = o - 42. Let g be y(16). What is the units digit of 351/g*(-4 + 0)?
4
Let m(w) = 3*w + 5. Let j be m(5). Suppose 4*r = 4*x + j, 3*x + 4 = -2*r + 9. Suppose 2*p - r = 4, -i + 8 = p. What is the units digit of i?
4
Suppose 6*t - 3055 - 599 = 0. What is the tens digit of t?
0
Suppose v - 373 - 203 = 0. What is the hundreds digit of v?
5
Let h be ((-1)/(-2))/((-9)/(-198)). Suppose -h - 29 = -5*q. Let d = q - 5. What is the units digit of d?
3
Let z be ((-12)/(-21))/((-1)/(-7)). Suppose -n + z*b = 5*b - 108, -b - 102 = -n. Let a = n - 70. What is the tens digit of a?
3
Let m(o) = -o - 22. Let r be m(-21). What is the units digit of 88 + (7 - 4 - r)?
2
Let w(q) = 3*q + 46. Let u = -9 - -29. What is the hundreds digit of 